t the prime factors of 46548599.
46548599
List the prime factors of 4287828100.
2, 5, 857, 50033
List the prime factors of 3656678373.
3, 3167, 128291
List the prime factors of 2326738394.
2, 397, 2930401
What are the prime factors of 437153402?
2, 7, 17, 257, 1021
List the prime factors of 79641658.
2, 1229, 32401
What are the prime factors of 325246454?
2, 13, 12509479
What are the prime factors of 272547101?
272547101
What are the prime factors of 156431794?
2, 78215897
What are the prime factors of 145577340?
2, 3, 5, 211, 3833
What are the prime factors of 2189079379?
47, 46576157
What are the prime factors of 852412977?
3, 13, 389, 2081
What are the prime factors of 1211346530?
2, 5, 29, 101, 41357
What are the prime factors of 28853403?
3, 17, 149, 3797
List the prime factors of 123419264.
2, 964213
What are the prime factors of 43941744?
2, 3, 7, 11, 1321
List the prime factors of 100022858.
2, 13, 257, 14969
What are the prime factors of 1439205630?
2, 3, 5, 47973521
What are the prime factors of 164329759?
11, 173, 86353
What are the prime factors of 42934725?
3, 5, 63607
What are the prime factors of 28499374?
2, 14249687
List the prime factors of 157993143.
3, 7, 11, 31, 22063
What are the prime factors of 422620981?
5839, 72379
List the prime factors of 790666529.
21977, 35977
What are the prime factors of 67626769?
7, 241, 40087
List the prime factors of 2574358472.
2, 7, 37, 177493
List the prime factors of 171571119.
3, 57190373
What are the prime factors of 404361562?
2, 11, 18380071
List the prime factors of 1899108353.
101, 18803053
What are the prime factors of 19000300?
2, 5, 11, 23, 751
List the prime factors of 232997319.
3, 179, 144629
List the prime factors of 173277546.
2, 3, 13, 2221507
What are the prime factors of 52639524?
2, 3, 7, 29
List the prime factors of 11174522.
2, 5587261
List the prime factors of 238975972.
2, 173, 197, 1753
What are the prime factors of 613266262?
2, 7, 17, 368107
What are the prime factors of 25305693?
3, 7, 47, 25639
What are the prime factors of 46921160?
2, 5, 11, 13, 631
List the prime factors of 639083170.
2, 5, 11, 5809847
List the prime factors of 164530436.
2, 7, 839441
List the prime factors of 69195816.
2, 3, 109, 2939
What are the prime factors of 849223714?
2, 937, 453161
List the prime factors of 27763910.
2, 5, 31, 89561
List the prime factors of 737617948.
2, 101, 1825787
What are the prime factors of 628571393?
23, 107, 255413
List the prime factors of 282989100.
2, 3, 5, 151, 6247
What are the prime factors of 2286145747?
31, 59, 1249943
What are the prime factors of 159723490?
2, 5, 179, 89231
List the prime factors of 279950661.
3, 241, 14341
List the prime factors of 80752566.
2, 3, 13458761
What are the prime factors of 405244832?
2, 131, 96671
What are the prime factors of 1386293412?
2, 3, 7, 16503493
List the prime factors of 93373939.
29, 761, 4231
List the prime factors of 177346557.
3, 47, 139753
What are the prime factors of 20141698?
2, 23, 173, 2531
List the prime factors of 1379392516.
2, 67, 1381, 3727
What are the prime factors of 1406184591?
3, 7, 233, 287387
What are the prime factors of 3890596355?
5, 29, 43, 21517
What are the prime factors of 362472178?
2, 47, 151, 25537
What are the prime factors of 207384004?
2, 131, 151, 2621
What are the prime factors of 381397889?
59, 97, 66643
List the prime factors of 408614168.
2, 107, 463, 1031
List the prime factors of 258028393.
7, 36861199
List the prime factors of 537256062.
2, 3, 7, 4263937
What are the prime factors of 85284612?
2, 3, 7, 338431
What are the prime factors of 181445175?
3, 5, 311, 2593
List the prime factors of 290509484.
2, 7541, 9631
What are the prime factors of 32614001?
7, 373, 12491
What are the prime factors of 1184660831?
18461, 64171
List the prime factors of 3563018525.
5, 11, 17, 233, 3271
What are the prime factors of 81992439?
3, 3036757
List the prime factors of 1472950559.
1472950559
List the prime factors of 1884413509.
11, 1867, 91757
What are the prime factors of 109087544?
2, 37, 368539
List the prime factors of 3078627857.
9601, 320657
What are the prime factors of 5985009?
3, 37, 1997
What are the prime factors of 67144280?
2, 5, 7, 29, 8269
List the prime factors of 297928476.
2, 3, 23, 31, 53, 73
List the prime factors of 636827140.
2, 5, 17, 1873021
What are the prime factors of 89754563?
37, 2425799
What are the prime factors of 1169019583?
1169019583
List the prime factors of 70080429.
3, 31, 311, 2423
List the prime factors of 238660936.
2, 151, 197567
What are the prime factors of 141603931?
7, 17, 69997
List the prime factors of 517324245.
3, 5, 181, 190543
What are the prime factors of 2231255845?
5, 7, 13, 31, 158189
List the prime factors of 1206189385.
5, 31, 1811, 4297
What are the prime factors of 20753660?
2, 5, 1037683
What are the prime factors of 136948915?
5, 27389783
List the prime factors of 416404117.
61, 199, 34303
List the prime factors of 42550544.
2, 89, 29881
What are the prime factors of 151702462?
2, 4091, 18541
List the prime factors of 769862318.
2, 167, 1429, 1613
What are the prime factors of 6548729084?
2, 593, 2760847
What are the prime factors of 52296491?
13, 4022807
What are the prime factors of 688541778?
2, 3, 38252321
What are the prime factors of 62987722?
2, 7, 31, 145133
What are the prime factors of 357290285?
5, 11, 97, 193, 347
What are the prime factors of 1141461314?
2, 7, 241, 373, 907
What are the prime factors of 1033191448?
2, 139, 929129
What are the prime factors of 583538602?
2, 19, 241, 63719
What are the prime factors of 13781093?
2267, 6079
What are the prime factors of 524406392?
2, 199, 329401
List the prime factors of 3064151806.
2, 1532075903
What are the prime factors of 14073746?
2, 23, 163, 1877
What are the prime factors of 245134423?
97, 139, 18181
What are the prime factors of 88240802?
2, 13, 227, 14951
List the prime factors of 3101404252.
2, 659, 1176557
What are the prime factors of 462822477?
3, 13, 2287, 5189
List the prime factors of 3179588386.
2, 13, 122291861
List the prime factors of 52499551.
13, 1031, 3917
What are the prime factors of 862252969?
29, 1171, 25391
List the prime factors of 110975522.
2, 7, 7926823
List the prime factors of 130717807.
11, 43, 276359
What are the prime factors of 97512572?
2, 103, 236681
List the prime factors of 95486033.
95486033
List the prime factors of 296122199.
31, 331, 28859
List the prime factors of 151350550.
2, 5, 13, 232847
What are the prime factors of 38256070?
2, 5, 787, 4861
What are the prime factors of 31912784?
2, 53, 37633
List the prime factors of 19839740.
2, 5, 991987
List the prime factors of 216299475.
3, 5, 7, 23, 853
List the prime factors of 259389667.
1093, 237319
List the prime factors of 2553412.
2, 83, 7691
What are the prime factors of 4322709580?
2, 5, 7, 30876497
List the prime factors of 49767952.
2, 13, 23, 101, 103
List the prime factors of 9454458.
2, 3, 13, 53, 2287
List the prime factors of 46416949.
199, 233251
What are the prime factors of 291505916?
2, 13, 131, 42793
List the prime factors of 1097570612.
2, 274392653
List the prime factors of 661139790.
2, 3, 5, 31, 710903
What are the prime factors of 102180854?
2, 51090427
List the prime factors of 128770810.
2, 5, 7, 43, 179, 239
List the prime factors of 1079417519.
43, 431, 58243
What are the prime factors of 10730043?
3, 17, 97, 241
What are the prime factors of 9344957?
419, 22303
List the prime factors of 939041480.
2, 5, 13, 97, 18617
What are the prime factors of 2687740562?
2, 13, 17, 859, 7079
List the prime factors of 512388205.
5, 7, 14639663
What are the prime factors of 40463048?
2, 211, 23971
What are the prime factors of 2458214954?
2, 13, 37, 2555317
List the prime factors of 67713060.
2, 3, 5, 83, 13597
List the prime factors of 742967581.
742967581
List the prime factors of 1542422915.
5, 11, 2663, 10531
What are the prime factors of 234017227?
234017227
List the prime factors of 180420937.
3917, 46061
What are the prime factors of 152580804?
2, 3, 23, 73, 7573
What are the prime factors of 13629055?
5, 11, 383, 647
List the prime factors of 144803047.
19, 7621213
What are the prime factors of 36877045?
5, 71, 73, 1423
What are the prim